{"id":645,"date":"2019-03-22T17:13:38","date_gmt":"2019-03-22T16:13:38","guid":{"rendered":"http:\/\/matematikdidaktik.org\/?page_id=645"},"modified":"2021-03-16T14:43:59","modified_gmt":"2021-03-16T13:43:59","slug":"dokumentation-fran-tidigare-madif-konferenser","status":"publish","type":"page","link":"http:\/\/matematikdidaktik.org\/index.php\/dokumentation-fran-tidigare-madif-konferenser\/","title":{"rendered":"Tidigare Madif-konferenser"},"content":{"rendered":"<p>Nedan finner du listor p\u00e5 framf\u00f6rda bidrag vid tidigare genomf\u00f6rda Madif-konferenser. M\u00e5nga av dessa bidrag finns att ta del av i Madif:s konferensrapporter som du finner p\u00e5 sidan f\u00f6r <a href=\"http:\/\/matematikdidaktik.org\/index.php\/madifs-skriftserie\/\">SMDF:s skriftserie.<\/a><\/p>\n<ul>\n<li><a href=\"http:\/\/matematikdidaktik.org\/index.php\/program-for-madif-12\/\">Madif-12<\/a><\/li>\n<li><a href=\"http:\/\/formular.ncm.gu.se\/madif-11\/\">Madif-11<\/a><\/li>\n<li><a href=\"http:\/\/formular.ncm.gu.se\/madif-10-eng\/\">Madif-10<\/a><\/li>\n<li><a href=\"http:\/\/ncm.gu.se\/media\/smdf\/madif9eng.html\">Madif-9<\/a><\/li>\n<\/ul>\n","protected":false},"excerpt":{"rendered":"<p>Nedan finner du listor p\u00e5 framf\u00f6rda bidrag vid tidigare genomf\u00f6rda Madif-konferenser. M\u00e5nga av dessa bidrag finns att ta del av i Madif:s konferensrapporter som du finner p\u00e5 sidan f\u00f6r SMDF:s skriftserie. Madif-12 Madif-11 Madif-10 Madif-9<\/p>\n","protected":false},"author":3,"featured_media":0,"parent":0,"menu_order":0,"comment_status":"closed","ping_status":"closed","template":"","meta":{"footnotes":""},"class_list":["post-645","page","type-page","status-publish","hentry"],"_links":{"self":[{"href":"http:\/\/matematikdidaktik.org\/index.php\/wp-json\/wp\/v2\/pages\/645","targetHints":{"allow":["GET"]}}],"collection":[{"href":"http:\/\/matematikdidaktik.org\/index.php\/wp-json\/wp\/v2\/pages"}],"about":[{"href":"http:\/\/matematikdidaktik.org\/index.php\/wp-json\/wp\/v2\/types\/page"}],"author":[{"embeddable":true,"href":"http:\/\/matematikdidaktik.org\/index.php\/wp-json\/wp\/v2\/users\/3"}],"replies":[{"embeddable":true,"href":"http:\/\/matematikdidaktik.org\/index.php\/wp-json\/wp\/v2\/comments?post=645"}],"version-history":[{"count":12,"href":"http:\/\/matematikdidaktik.org\/index.php\/wp-json\/wp\/v2\/pages\/645\/revisions"}],"predecessor-version":[{"id":1244,"href":"http:\/\/matematikdidaktik.org\/index.php\/wp-json\/wp\/v2\/pages\/645\/revisions\/1244"}],"wp:attachment":[{"href":"http:\/\/matematikdidaktik.org\/index.php\/wp-json\/wp\/v2\/media?parent=645"}],"curies":[{"name":"wp","href":"https:\/\/api.w.org\/{rel}","templated":true}]}}