{"id":1348,"date":"2022-01-20T07:41:59","date_gmt":"2022-01-20T06:41:59","guid":{"rendered":"http:\/\/matematikdidaktik.org\/?page_id=1348"},"modified":"2022-04-07T11:32:58","modified_gmt":"2022-04-07T09:32:58","slug":"arsmote-2022","status":"publish","type":"page","link":"http:\/\/matematikdidaktik.org\/index.php\/arsmote-2022\/","title":{"rendered":"\u00c5rsm\u00f6te 2022"},"content":{"rendered":"<h1>\u00c5rsm\u00f6te 2022<\/h1>\n<p>SMDF h\u00f6ll \u00e5rsm\u00f6te vid Linn\u00e9universitetet i V\u00e4xj\u00f6 den 30 Mars 2022. Verksamhetsber\u00e4ttelse f\u00f6r 2021 och verksamhetsplan f\u00f6r 2022 finner ni nedan.<\/p>\n<ul>\n<li><a href=\"http:\/\/matematikdidaktik.org\/wp-content\/uploads\/2022\/03\/Verksamhetsbera\u0308ttelse-2021.pdf\">Verksamhetsbera\u0308ttelse 2021<\/a><\/li>\n<li><a href=\"http:\/\/matematikdidaktik.org\/wp-content\/uploads\/2022\/04\/Verksamhetsplan-2022.pdf\">Verksamhetsplan f\u00f6r 2022<\/a><\/li>\n<li><a href=\"http:\/\/matematikdidaktik.org\/wp-content\/uploads\/2022\/04\/a\u030arsmo\u0308te-2022.pdf\">Protokoll a\u030arsmo\u0308te 2022-03-30<\/a><\/li>\n<\/ul>\n<p>Efter \u00a0\u00e5rsm\u00f6tet h\u00f6lls ett konstituerande m\u00f6te.<\/p>\n","protected":false},"excerpt":{"rendered":"<p>\u00c5rsm\u00f6te 2022 SMDF h\u00f6ll \u00e5rsm\u00f6te vid Linn\u00e9universitetet i V\u00e4xj\u00f6 den 30 Mars 2022. Verksamhetsber\u00e4ttelse f\u00f6r 2021 och verksamhetsplan f\u00f6r 2022 finner ni nedan. Verksamhetsbera\u0308ttelse 2021 Verksamhetsplan f\u00f6r 2022 Protokoll a\u030arsmo\u0308te 2022-03-30 Efter \u00a0\u00e5rsm\u00f6tet h\u00f6lls ett konstituerande m\u00f6te.<\/p>\n","protected":false},"author":4,"featured_media":0,"parent":0,"menu_order":0,"comment_status":"closed","ping_status":"closed","template":"","meta":{"footnotes":""},"class_list":["post-1348","page","type-page","status-publish","hentry"],"_links":{"self":[{"href":"http:\/\/matematikdidaktik.org\/index.php\/wp-json\/wp\/v2\/pages\/1348","targetHints":{"allow":["GET"]}}],"collection":[{"href":"http:\/\/matematikdidaktik.org\/index.php\/wp-json\/wp\/v2\/pages"}],"about":[{"href":"http:\/\/matematikdidaktik.org\/index.php\/wp-json\/wp\/v2\/types\/page"}],"author":[{"embeddable":true,"href":"http:\/\/matematikdidaktik.org\/index.php\/wp-json\/wp\/v2\/users\/4"}],"replies":[{"embeddable":true,"href":"http:\/\/matematikdidaktik.org\/index.php\/wp-json\/wp\/v2\/comments?post=1348"}],"version-history":[{"count":7,"href":"http:\/\/matematikdidaktik.org\/index.php\/wp-json\/wp\/v2\/pages\/1348\/revisions"}],"predecessor-version":[{"id":1562,"href":"http:\/\/matematikdidaktik.org\/index.php\/wp-json\/wp\/v2\/pages\/1348\/revisions\/1562"}],"wp:attachment":[{"href":"http:\/\/matematikdidaktik.org\/index.php\/wp-json\/wp\/v2\/media?parent=1348"}],"curies":[{"name":"wp","href":"https:\/\/api.w.org\/{rel}","templated":true}]}}