{"id":1239,"date":"2021-03-16T14:37:10","date_gmt":"2021-03-16T13:37:10","guid":{"rendered":"http:\/\/matematikdidaktik.org\/?page_id=1239"},"modified":"2022-08-04T13:59:25","modified_gmt":"2022-08-04T11:59:25","slug":"valkommen-till-madif-13","status":"publish","type":"page","link":"http:\/\/matematikdidaktik.org\/index.php\/valkommen-till-madif-13\/","title":{"rendered":"V\u00e4lkommen till MADIF-13"},"content":{"rendered":"<h1 style=\"text-align: center;\">M A D I F &#8211; 13<\/h1>\n<p style=\"text-align: center;\">Den trettonde forskarkonferensen i matematikdidaktik<\/p>\n<h2 style=\"text-align: center;\">V\u00e4xj\u00f6<\/h2>\n<h2 style=\"text-align: center;\">29\u201330 Mars, 2022<\/h2>\n<p style=\"text-align: center;\">V\u00e4lkomna till den trettonde forskarkonferensen i matematikdidaktik av Svensk f\u00f6rening f\u00f6r matematikdidaktisk forskning.<\/p>\n<p style=\"text-align: center;\">Temat f\u00f6r konferensen \u00e4r<\/p>\n<p style=\"text-align: center;\"><strong><em>Relationen mellan matematikdidaktisk forskning och l\u00e4rares professionsutveckling<\/em><\/strong><\/p>\n<p style=\"text-align: center;\">Inbjudna keynote speakers<\/p>\n<p style=\"text-align: center;\"><strong>Professor Susanne Prediger<\/strong>,<\/p>\n<p style=\"text-align: center;\">Institute of development and research in mathematics education, Dortmund<\/p>\n<p style=\"text-align: center;\"><a href=\"http:\/\/matematikdidaktik.org\/wp-content\/uploads\/2022\/04\/Prediger-22-Va\u0308xjo\u0308-Promoting-Teacher-Expertise-MSK.pdf\">L\u00e4nk till keynote material<\/a><\/p>\n<p style=\"text-align: center;\"><strong>Professor Paul Cobb<\/strong>,<\/p>\n<p style=\"text-align: center;\">Vanderbilt University, Nashville<\/p>\n<p style=\"text-align: center;\"><a href=\"http:\/\/matematikdidaktik.org\/wp-content\/uploads\/2022\/04\/Vaxjo-Madif-03-221-Skrivskyddad.pdf\">L\u00e4nk till keynote material<\/a><\/p>\n<p style=\"text-align: center;\">Konferensen v\u00e4lkomna forskare i matematikdidaktik, l\u00e4rarutbildare, l\u00e4rare och andra som \u00e4r intresserade for forskning i matematikdidaktik.<\/p>\n<p style=\"text-align: center;\"><a href=\"http:\/\/matematikdidaktik.org\/wp-content\/uploads\/2021\/03\/callforpapers_MADIF-131.pdf\">call for papers MADIF-13<\/a><\/p>\n<p style=\"text-align: center;\"><a href=\"https:\/\/lnu.se\/mot-linneuniversitetet\/konferenser\/madif13\/\">L\u00e4s mer h\u00e4r<\/a><\/p>\n<p style=\"text-align: center;\"><a href=\"http:\/\/matematikdidaktik.org\/index.php\/program\/\">Program MADIF-13<\/a><\/p>\n<p>&nbsp;<\/p>\n","protected":false},"excerpt":{"rendered":"<p>M A D I F &#8211; 13 Den trettonde forskarkonferensen i matematikdidaktik V\u00e4xj\u00f6 29\u201330 Mars, 2022 V\u00e4lkomna till den trettonde forskarkonferensen i matematikdidaktik av Svensk f\u00f6rening f\u00f6r matematikdidaktisk forskning. Temat f\u00f6r konferensen \u00e4r Relationen mellan matematikdidaktisk forskning och l\u00e4rares professionsutveckling Inbjudna keynote speakers Professor Susanne Prediger, Institute of development and research in mathematics education, Dortmund &hellip; <a href=\"http:\/\/matematikdidaktik.org\/index.php\/valkommen-till-madif-13\/\" class=\"more-link\">Forts\u00e4tt l\u00e4sa <span class=\"screen-reader-text\">V\u00e4lkommen till MADIF-13<\/span> <span class=\"meta-nav\">&rarr;<\/span><\/a><\/p>\n","protected":false},"author":4,"featured_media":0,"parent":0,"menu_order":0,"comment_status":"closed","ping_status":"closed","template":"","meta":{"footnotes":""},"class_list":["post-1239","page","type-page","status-publish","hentry"],"_links":{"self":[{"href":"http:\/\/matematikdidaktik.org\/index.php\/wp-json\/wp\/v2\/pages\/1239","targetHints":{"allow":["GET"]}}],"collection":[{"href":"http:\/\/matematikdidaktik.org\/index.php\/wp-json\/wp\/v2\/pages"}],"about":[{"href":"http:\/\/matematikdidaktik.org\/index.php\/wp-json\/wp\/v2\/types\/page"}],"author":[{"embeddable":true,"href":"http:\/\/matematikdidaktik.org\/index.php\/wp-json\/wp\/v2\/users\/4"}],"replies":[{"embeddable":true,"href":"http:\/\/matematikdidaktik.org\/index.php\/wp-json\/wp\/v2\/comments?post=1239"}],"version-history":[{"count":3,"href":"http:\/\/matematikdidaktik.org\/index.php\/wp-json\/wp\/v2\/pages\/1239\/revisions"}],"predecessor-version":[{"id":1598,"href":"http:\/\/matematikdidaktik.org\/index.php\/wp-json\/wp\/v2\/pages\/1239\/revisions\/1598"}],"wp:attachment":[{"href":"http:\/\/matematikdidaktik.org\/index.php\/wp-json\/wp\/v2\/media?parent=1239"}],"curies":[{"name":"wp","href":"https:\/\/api.w.org\/{rel}","templated":true}]}}